{"id":262,"date":"2021-06-17T21:03:51","date_gmt":"2021-06-17T21:03:51","guid":{"rendered":"https:\/\/bsb.sbc.org.br\/2021\/?page_id=262"},"modified":"2021-12-01T14:21:53","modified_gmt":"2021-12-01T14:21:53","slug":"program","status":"publish","type":"page","link":"https:\/\/bsb.sbc.org.br\/2021\/program\/","title":{"rendered":"Program"},"content":{"rendered":"\n<pre class=\"wp-block-preformatted\">\ud83d\udd50 <strong>Brazilian Time<\/strong><\/pre>\n\n\n\n<h1 class=\"wp-block-heading\"><strong><span class=\"has-inline-color has-vivid-cyan-blue-color\"><strong>November 22: Opening session<\/strong><\/span><\/strong><\/h1>\n\n\n\n<ul class=\"wp-block-list\"><li><strong><strong>10h30 \u2013 11h: Welcome<\/strong><\/strong><\/li><\/ul>\n\n\n\n<figure class=\"wp-block-embed is-type-rich is-provider-incorporar-manipulador wp-block-embed-incorporar-manipulador wp-embed-aspect-16-9 wp-has-aspect-ratio\"><div class=\"wp-block-embed__wrapper\">\n<iframe title=\"BSB 2021 - November 22: Opening session\" width=\"525\" height=\"295\" src=\"https:\/\/www.youtube.com\/embed\/AGvn8kxBoQU?feature=oembed\" frameborder=\"0\" allow=\"accelerometer; autoplay; clipboard-write; encrypted-media; gyroscope; picture-in-picture; web-share\" referrerpolicy=\"strict-origin-when-cross-origin\" allowfullscreen><\/iframe>\n<\/div><\/figure>\n\n\n\n<p>Participants:<\/p>\n\n\n\n<p>Dr. Daniel C. de Oliveira (UFF, Brazil) &#8211; Coordinator of the Special Committee on Computational Biology of the SBC<\/p>\n\n\n\n<p>Dr. Raquel C. M. Minardi (UFMG, Brazil) &#8211; General chair<\/p>\n\n\n\n<p>Dr. Jos\u00e9 Viterbo Filho (UFF, Brazil) &#8211; Director of Publications of the SBC<\/p>\n\n\n\n<p>Dr. Maria Emilia Walter (UnB, Brazil) &#8211; Program chairDr. Peter F. Stadler (University of Leipzig, Germany)<\/p>\n\n\n\n<p>Dr. Marcelo M. Brigido (UnB, Brazil)<\/p>\n\n\n\n<p>Dr. Maribel Hern\u00e1ndez Rosales (Cinvestat, Mexico)<\/p>\n\n\n\n<p>Dr. Waldeyr M. C. Silva (IFG, Brazil)<\/p>\n\n\n\n<p>Dr. Marcelo Reis (Butantan Institute, Brazil)<\/p>\n\n\n\n<ul class=\"wp-block-list\"><li><strong><strong>11h \u2013 12h30: Opening talk (session chair: Dr. Peter Stadler)<\/strong><\/strong><\/li><\/ul>\n\n\n\n<figure class=\"wp-block-embed is-type-rich is-provider-incorporar-manipulador wp-block-embed-incorporar-manipulador wp-embed-aspect-16-9 wp-has-aspect-ratio\"><div class=\"wp-block-embed__wrapper\">\n<iframe title=\"BSB 2021 - November 22: Tribute to Prof. Jo\u00e3o Carlos Setubal\" width=\"525\" height=\"295\" src=\"https:\/\/www.youtube.com\/embed\/59M9Emy-zy8?feature=oembed\" frameborder=\"0\" allow=\"accelerometer; autoplay; clipboard-write; encrypted-media; gyroscope; picture-in-picture; web-share\" referrerpolicy=\"strict-origin-when-cross-origin\" allowfullscreen><\/iframe>\n<\/div><\/figure>\n\n\n\n<p>Tribute to Professor Jo\u00e3o Carlos Setubal<\/p>\n\n\n\n<p>Participants:&nbsp;<\/p>\n\n\n\n<p>Dr. Cl\u00e1udia Bauzer Medeiros (UNICAMP, Brazil)<\/p>\n\n\n\n<p>Dr. Nalvo F. Almeida Jr. (UFMS, Brazil)<\/p>\n\n\n\n<p><em>Talk: <\/em>Dr. Jo\u00e3o Carlos Setubal (Institute of Chemistry at USP-SP, Brazil)<\/p>\n\n\n\n<p><em>Title:<\/em> Microbial genome informatics in the microbiome era<\/p>\n\n\n\n<ul class=\"wp-block-list\"><li><strong><strong>14h \u2013 17h: Minicurso (em Portugu\u00eas)<\/strong><\/strong><\/li><\/ul>\n\n\n\n<figure class=\"wp-block-embed is-type-rich is-provider-incorporar-manipulador wp-block-embed-incorporar-manipulador wp-embed-aspect-16-9 wp-has-aspect-ratio\"><div class=\"wp-block-embed__wrapper\">\n<iframe title=\"BSB 2021 - November 22: Minicurso - Intr. ao Aprenddizado de M\u00e1quina para Bioinform\u00e1tica\" width=\"525\" height=\"295\" src=\"https:\/\/www.youtube.com\/embed\/tbYHw-DcU0A?feature=oembed\" frameborder=\"0\" allow=\"accelerometer; autoplay; clipboard-write; encrypted-media; gyroscope; picture-in-picture; web-share\" referrerpolicy=\"strict-origin-when-cross-origin\" allowfullscreen><\/iframe>\n<\/div><\/figure>\n\n\n\n<p><em>Tema: <\/em>Introdu\u00e7\u00e3o ao Aprendizado de M\u00e1quina para Bioinform\u00e1tica<\/p>\n\n\n\n<p><em>Professor: <\/em><a href=\"https:\/\/www.linkedin.com\/in\/marcelo-s-reis\/\">Marcelo S. Reis<\/a> \u00e9 um bioinformata com mais de 20 anos de experi\u00eancia nessa \u00e1rea. Doutor em Ci\u00eancia da Computa\u00e7\u00e3o pela USP (2012). Desde 2013 \u00e9 pesquisador associado ao Instituto Butantan, onde utiliza t\u00e9cnicas de Aprendizado de M\u00e1quina na modelagem din\u00e2mica de sistemas biol\u00f3gicos.<\/p>\n\n\n\n<h1 class=\"wp-block-heading\"><strong><span class=\"has-inline-color has-vivid-cyan-blue-color\"><strong><strong>November 23: Invited talk and Technical session 1<\/strong><\/strong><\/span><\/strong><\/h1>\n\n\n\n<ul class=\"wp-block-list\"><li><strong><strong><strong>11h \u2013 12h30: Technical session 1 (session chair: Dr. Marcelo Reis)<\/strong><\/strong><\/strong><\/li><\/ul>\n\n\n\n<figure class=\"wp-block-embed is-type-rich is-provider-incorporar-manipulador wp-block-embed-incorporar-manipulador wp-embed-aspect-16-9 wp-has-aspect-ratio\"><div class=\"wp-block-embed__wrapper\">\n<iframe title=\"BSB 2021 - November 23: Technical session 1\" width=\"525\" height=\"295\" src=\"https:\/\/www.youtube.com\/embed\/5anMp_EHZf0?feature=oembed\" frameborder=\"0\" allow=\"accelerometer; autoplay; clipboard-write; encrypted-media; gyroscope; picture-in-picture; web-share\" referrerpolicy=\"strict-origin-when-cross-origin\" allowfullscreen><\/iframe>\n<\/div><\/figure>\n\n\n\n<p>11h \u2013 11h30: Comparative transcriptome profiling of Maytenus ilicifolia root and leaf&nbsp;<\/p>\n\n\n\n<p>11h30 \u2013 12h: Hypusine plays a role in translation of short mRNAs and mediates the polyamine and autophagy pathways in Saccharomyces cerevisiae<\/p>\n\n\n\n<p>12h \u2013 12h15: Mesoscopic evaluation of DNA mismatches in PCR primer-target hybridisation to detect SARS-CoV-2 variants of concern (Short paper)<\/p>\n\n\n\n<p>12h15 \u2013 12h30: MathPIP: classification of proinflammatory peptides using mathematical descriptors (Short paper)<\/p>\n\n\n\n<ul class=\"wp-block-list\"><li><strong><strong>14h \u2013 17h: Minicurso<\/strong><\/strong> <\/li><\/ul>\n\n\n\n<figure class=\"wp-block-embed is-type-rich is-provider-incorporar-manipulador wp-block-embed-incorporar-manipulador wp-embed-aspect-16-9 wp-has-aspect-ratio\"><div class=\"wp-block-embed__wrapper\">\n<iframe title=\"BSB 2021 - November 23: Minicurso - Docking e triagem virtual\" width=\"525\" height=\"295\" src=\"https:\/\/www.youtube.com\/embed\/Wz3xTJIrQnw?feature=oembed\" frameborder=\"0\" allow=\"accelerometer; autoplay; clipboard-write; encrypted-media; gyroscope; picture-in-picture; web-share\" referrerpolicy=\"strict-origin-when-cross-origin\" allowfullscreen><\/iframe>\n<\/div><\/figure>\n\n\n\n<p><em>Tema: <\/em>Docking e triagem virtual<\/p>\n\n\n\n<p><em>Professora: <\/em>Lucianna Santos possui doutorado pelo programa de P\u00f3s-Gradua\u00e7\u00e3o em Biologia Computacional e Sistemas pela Fiocruz (2016). Desde 2012, utiliza t\u00e9cnicas da \u00e1rea de bioinform\u00e1tica estrutural, com \u00eanfase em modelagem molecular, atuando principalmente com atracamento molecular, triagem virtual, din\u00e2mica molecular, intera\u00e7\u00e3o receptor-ligante e c\u00e1lculos computacionais de energia livre.<\/p>\n\n\n\n<h1 class=\"wp-block-heading\"><strong><span class=\"has-inline-color has-vivid-cyan-blue-color\"><strong><strong><strong>November 24: Invited talk and Technical session 2<\/strong><\/strong><\/strong><\/span><\/strong><\/h1>\n\n\n\n<ul class=\"wp-block-list\"><li><strong><strong>10h \u2013 11h: Invited talk (session chair: Dr. Maria Emilia Walter)<\/strong><\/strong><\/li><\/ul>\n\n\n\n<figure class=\"wp-block-embed is-type-rich is-provider-incorporar-manipulador wp-block-embed-incorporar-manipulador wp-embed-aspect-16-9 wp-has-aspect-ratio\"><div class=\"wp-block-embed__wrapper\">\n<iframe title=\"BSB 2021 - November 24: Invited talk - Dr. Marc Hellmuth (Stockholm University, Sweden)\" width=\"525\" height=\"295\" src=\"https:\/\/www.youtube.com\/embed\/-nZ67NZQix0?feature=oembed\" frameborder=\"0\" allow=\"accelerometer; autoplay; clipboard-write; encrypted-media; gyroscope; picture-in-picture; web-share\" referrerpolicy=\"strict-origin-when-cross-origin\" allowfullscreen><\/iframe>\n<\/div><\/figure>\n\n\n\n<p><a href=\"https:\/\/bsb.sbc.org.br\/2021\/invited-speakers-2\/\">Dr. Marc Hellmuth<\/a> (Department of Mathematics at the Stockholm University, Sweden)<\/p>\n\n\n\n<p><em>Title: <\/em>Gene family histories and homology relations<\/p>\n\n\n\n<ul class=\"wp-block-list\"><li><strong><strong>11h \u2013 12h30: Technical session 2 (session chair: Dr. Waldeyr M. C. Silva)<\/strong><\/strong><\/li><\/ul>\n\n\n\n<figure class=\"wp-block-embed is-type-rich is-provider-incorporar-manipulador wp-block-embed-incorporar-manipulador wp-embed-aspect-16-9 wp-has-aspect-ratio\"><div class=\"wp-block-embed__wrapper\">\n<iframe title=\"BSB 2021 - November 24: Technical session 2\" width=\"525\" height=\"295\" src=\"https:\/\/www.youtube.com\/embed\/2Sl1X4zLjdM?feature=oembed\" frameborder=\"0\" allow=\"accelerometer; autoplay; clipboard-write; encrypted-media; gyroscope; picture-in-picture; web-share\" referrerpolicy=\"strict-origin-when-cross-origin\" allowfullscreen><\/iframe>\n<\/div><\/figure>\n\n\n\n<p>11h \u2013 11h30 Combining orthology and xenology data in a common phylogenetic tree<\/p>\n\n\n\n<p>11h30 \u2013 12h Topological characterization of cancer driver genes using reactome super pathways networks<\/p>\n\n\n\n<p>12h \u2013 12h30 Heuristics for cycle packing of adjacency graphs for genomes with repeated genes<\/p>\n\n\n\n<ul class=\"wp-block-list\"><li><strong><span class=\"has-inline-color has-black-color\">14h \u2013 15h: Invited talk (session chair: Dr. Marcelo Brigido) <\/span><\/strong><span class=\"has-inline-color has-vivid-green-cyan-color\"> <\/span><br><strong><span class=\"has-inline-color has-vivid-green-cyan-color\">REAGENDADO \/ RESCHEDULED<\/span><\/strong><\/li><\/ul>\n\n\n\n<figure class=\"wp-block-embed is-type-rich is-provider-incorporar-manipulador wp-block-embed-incorporar-manipulador wp-embed-aspect-16-9 wp-has-aspect-ratio\"><div class=\"wp-block-embed__wrapper\">\n<iframe title=\"BSB 2021 - November 24: Invited Talk - Dr. Angelica Cibrian (CINVESTAV, Mexico)\" width=\"525\" height=\"295\" src=\"https:\/\/www.youtube.com\/embed\/cbsTI-AQ7uc?feature=oembed\" frameborder=\"0\" allow=\"accelerometer; autoplay; clipboard-write; encrypted-media; gyroscope; picture-in-picture; web-share\" referrerpolicy=\"strict-origin-when-cross-origin\" allowfullscreen><\/iframe>\n<\/div><\/figure>\n\n\n\n<p><a href=\"https:\/\/bsb.sbc.org.br\/2021\/invited-speakers-2\/\">Dr. Angelica Cibrian<\/a> (National Genomics Laboratory for Biodiversity of CINVESTAV, Mexico)<\/p>\n\n\n\n<p><em>Title:<\/em> Evolutionary genomics of ancient plants and their symbionts: from species to metabolites.<\/p>\n\n\n\n<h1 class=\"wp-block-heading\"><strong><span class=\"has-inline-color has-vivid-cyan-blue-color\"><strong><strong><strong><strong>November 25: Invited talk and Technical session 3<\/strong><\/strong><\/strong><\/strong><\/span><\/strong><\/h1>\n\n\n\n<ul class=\"wp-block-list\"><li><strong><strong><strong>10h \u2013 11h: Invited talk (session chair: Dr. Maribel Hernandez Rosales)<\/strong><\/strong><\/strong><\/li><\/ul>\n\n\n\n<figure class=\"wp-block-embed is-type-rich is-provider-incorporar-manipulador wp-block-embed-incorporar-manipulador wp-embed-aspect-16-9 wp-has-aspect-ratio\"><div class=\"wp-block-embed__wrapper\">\n<iframe title=\"BSB 2021 - November 25: Invited talk - Dr. Deisy Morselli Gysi (Northeastern University, USA)\" width=\"525\" height=\"295\" src=\"https:\/\/www.youtube.com\/embed\/89WegYtPoxo?feature=oembed\" frameborder=\"0\" allow=\"accelerometer; autoplay; clipboard-write; encrypted-media; gyroscope; picture-in-picture; web-share\" referrerpolicy=\"strict-origin-when-cross-origin\" allowfullscreen><\/iframe>\n<\/div><\/figure>\n\n\n\n<p><a href=\"https:\/\/bsb.sbc.org.br\/2021\/invited-speakers-2\/\">Dr. Deisy Morselli Gysi<\/a> (BarabasiLab at Network Science Institute, Northeastern University, USA)<\/p>\n\n\n\n<p><em>Title:<\/em> Drug repurposing for treating diseases: a network medicine approach<\/p>\n\n\n\n<ul class=\"wp-block-list\"><li><strong><strong>11h \u2013 12h45: Technical session 3 (session chair: Dr. Raquel C. M. Minardi)<\/strong><\/strong><\/li><\/ul>\n\n\n\n<figure class=\"wp-block-embed is-type-rich is-provider-incorporar-manipulador wp-block-embed-incorporar-manipulador wp-embed-aspect-16-9 wp-has-aspect-ratio\"><div class=\"wp-block-embed__wrapper\">\n<iframe title=\"BSB 2021 - November 25: Technical session 3\" width=\"525\" height=\"295\" src=\"https:\/\/www.youtube.com\/embed\/soaqoIhuiIU?feature=oembed\" frameborder=\"0\" allow=\"accelerometer; autoplay; clipboard-write; encrypted-media; gyroscope; picture-in-picture; web-share\" referrerpolicy=\"strict-origin-when-cross-origin\" allowfullscreen><\/iframe>\n<\/div><\/figure>\n\n\n\n<p>11h \u2013 11h30: ContFree-NGS: removing reads from contaminating organisms in next generation sequencing data<\/p>\n\n\n\n<p>11h30 \u2013 12h: Deep learning-based COVID-19 diagnostics of low-quality CT images<\/p>\n\n\n\n<p>12h \u2013 12h30: Feature importance analysis of non-coding DNA\/RNA sequences based on machine learning approaches<\/p>\n\n\n\n<p>12h30 \u2013 12h45: CEvADA: co-evolution analysis data archive (Short paper)<\/p>\n\n\n\n<ul class=\"wp-block-list\"><li><strong><strong>14h \u2013 16h: Special session \u201cBioinformatics and Artificial Intelligence\u201d (session chair: Dr, Maribel Hernandez-Rosales)<\/strong><\/strong><\/li><\/ul>\n\n\n\n<figure class=\"wp-block-embed is-type-rich is-provider-incorporar-manipulador wp-block-embed-incorporar-manipulador wp-embed-aspect-16-9 wp-has-aspect-ratio\"><div class=\"wp-block-embed__wrapper\">\n<iframe title=\"BSB 2021 - November 25: Special session - Bioinformatics and Artificial Intelligence\" width=\"525\" height=\"295\" src=\"https:\/\/www.youtube.com\/embed\/ULYcilelvwg?feature=oembed\" frameborder=\"0\" allow=\"accelerometer; autoplay; clipboard-write; encrypted-media; gyroscope; picture-in-picture; web-share\" referrerpolicy=\"strict-origin-when-cross-origin\" allowfullscreen><\/iframe>\n<\/div><\/figure>\n\n\n\n<p>RIABIO Ibero-American Network on Artificial Intelligence Applied to Big BioData (Sponsor)<\/p>\n\n\n\n<ul class=\"wp-block-list\"><li><strong><strong><strong>16h \u2013 17h30: Meeting of the Special Committee of Computational Biology \u2013 CEBioComp (Brazilian Computer Society) <span class=\"has-inline-color has-vivid-green-cyan-color\">(via Zoom)<\/span><\/strong><\/strong><\/strong><\/li><\/ul>\n\n\n\n<h1 class=\"wp-block-heading\"><strong><span class=\"has-inline-color has-vivid-cyan-blue-color\"><strong><strong><strong><strong><strong><strong>November 26: Technical session 4 and round tables<\/strong><\/strong><\/strong><\/strong><\/strong><\/strong><\/span><\/strong><\/h1>\n\n\n\n<ul class=\"wp-block-list\"><li><strong><strong><strong>10h \u2013 11h30: Technical session 4 (session chair: Dr. Daniel de Oliveira)<\/strong><\/strong><\/strong><\/li><\/ul>\n\n\n\n<figure class=\"wp-block-embed is-type-rich is-provider-incorporar-manipulador wp-block-embed-incorporar-manipulador wp-embed-aspect-16-9 wp-has-aspect-ratio\"><div class=\"wp-block-embed__wrapper\">\n<iframe title=\"BSB 2021 - November 26: Technical session 4\" width=\"525\" height=\"295\" src=\"https:\/\/www.youtube.com\/embed\/DcUdk7V2mc8?feature=oembed\" frameborder=\"0\" allow=\"accelerometer; autoplay; clipboard-write; encrypted-media; gyroscope; picture-in-picture; web-share\" referrerpolicy=\"strict-origin-when-cross-origin\" allowfullscreen><\/iframe>\n<\/div><\/figure>\n\n\n\n<p>10h \u2013 10h30: PIMBA: a PIpeline for MetaBarcoding Analysis&nbsp;<\/p>\n\n\n\n<p>10h30 \u2013 11h: CellHeap: a workflow for optimizing COVID-19 single-cell RNA-seq data processing in the Santos Dumont supercomputer<\/p>\n\n\n\n<p>11h \u2013 11h15: FluxPRT: an adaptable and extensible proteomics LIMS (Short paper)<\/p>\n\n\n\n<p>11h15 \u2013 11h30: Metagenomic insights of the microbial community from a polluted river in Brazil 2020 (Short paper)<\/p>\n\n\n\n<ul class=\"wp-block-list\"><li><strong><strong><strong>12h \u2013 12h45: Round tables: the objective is to have a free discussion and to&nbsp; exchange ideas among students, researchers and professionals, about a specific theme. The students can freely participate of the tables, as they wish.<\/strong><\/strong><\/strong><\/li><\/ul>\n\n\n\n<p>Table 1: theme \u201c<em>Quo vadis<\/em>, bioinformatics \/ computational biology?\u201d, coordinator \u2013 Prof. Peter Stadler (University of Leipzig, Germany).<\/p>\n\n\n\n<p>Table 2: theme: STEM questions and challenges in bioinformatics, coordinators \u2013 Prof. Maribel Hernandez-Rosales (Cinvestat, Mexico) and Prof. Vinita Gowda (IISER Bhopal, India).<\/p>\n\n\n\n<p>Table 3: theme: Career opportunities \u2013 academy and industry, coordinators &#8211; Steve Hoffman (Leibniz Institute on Aging Research, Fritz Lipmann Institute, Germany), Dr. Elizabeth Tapia (CIFASIS-CONICET-UNR, Argentina) and Dr. Tania Carrillo-Roa (Roche Diagnostics, Australia).<\/p>\n\n\n\n<ul class=\"wp-block-list\"><li><strong><strong>12h45 \u2013 13h: Closing session<\/strong><\/strong><\/li><\/ul>\n\n\n\n<figure class=\"wp-block-embed is-type-rich is-provider-incorporar-manipulador wp-block-embed-incorporar-manipulador wp-embed-aspect-16-9 wp-has-aspect-ratio\"><div class=\"wp-block-embed__wrapper\">\n<iframe title=\"BSB 2021 - November 26: Closing session\" width=\"525\" height=\"295\" src=\"https:\/\/www.youtube.com\/embed\/PQ1cxOlH_Jw?feature=oembed\" frameborder=\"0\" allow=\"accelerometer; autoplay; clipboard-write; encrypted-media; gyroscope; picture-in-picture; web-share\" referrerpolicy=\"strict-origin-when-cross-origin\" allowfullscreen><\/iframe>\n<\/div><\/figure>\n\n\n\n<ul class=\"wp-block-list\"><li>Best paper announcement<br>Presentation of BSB 2022<br><\/li><\/ul>\n\n\n\n<div class=\"wp-block-buttons is-layout-flex wp-block-buttons-is-layout-flex\">\n<div class=\"wp-block-button\"><a class=\"wp-block-button__link\" href=\"https:\/\/bsb.sbc.org.br\/2021\/registration\/\">Register for the symposium<\/a><\/div>\n<\/div>\n\n\n\n<p><\/p>\n","protected":false},"excerpt":{"rendered":"<p>\ud83d\udd50 Brazilian Time November 22: Opening session 10h30 \u2013 11h: Welcome Participants: Dr. Daniel C. de Oliveira (UFF, Brazil) &#8211; Coordinator of the Special Committee on Computational Biology of the SBC Dr. Raquel C. M. Minardi (UFMG, Brazil) &#8211; General chair Dr. Jos\u00e9 Viterbo Filho (UFF, Brazil) &#8211; Director of Publications of the SBC Dr. &hellip; <\/p>\n<p class=\"link-more\"><a href=\"https:\/\/bsb.sbc.org.br\/2021\/program\/\" class=\"more-link\">Continue lendo<span class=\"screen-reader-text\"> &#8220;Program&#8221;<\/span><\/a><\/p>\n","protected":false},"author":6,"featured_media":0,"parent":0,"menu_order":0,"comment_status":"closed","ping_status":"closed","template":"","meta":{"footnotes":""},"class_list":["post-262","page","type-page","status-publish","hentry"],"_links":{"self":[{"href":"https:\/\/bsb.sbc.org.br\/2021\/wp-json\/wp\/v2\/pages\/262","targetHints":{"allow":["GET"]}}],"collection":[{"href":"https:\/\/bsb.sbc.org.br\/2021\/wp-json\/wp\/v2\/pages"}],"about":[{"href":"https:\/\/bsb.sbc.org.br\/2021\/wp-json\/wp\/v2\/types\/page"}],"author":[{"embeddable":true,"href":"https:\/\/bsb.sbc.org.br\/2021\/wp-json\/wp\/v2\/users\/6"}],"replies":[{"embeddable":true,"href":"https:\/\/bsb.sbc.org.br\/2021\/wp-json\/wp\/v2\/comments?post=262"}],"version-history":[{"count":35,"href":"https:\/\/bsb.sbc.org.br\/2021\/wp-json\/wp\/v2\/pages\/262\/revisions"}],"predecessor-version":[{"id":504,"href":"https:\/\/bsb.sbc.org.br\/2021\/wp-json\/wp\/v2\/pages\/262\/revisions\/504"}],"wp:attachment":[{"href":"https:\/\/bsb.sbc.org.br\/2021\/wp-json\/wp\/v2\/media?parent=262"}],"curies":[{"name":"wp","href":"https:\/\/api.w.org\/{rel}","templated":true}]}}